hen 670 is divided by 154?
54
What is the remainder when 3837 is divided by 101?
100
Calculate the remainder when 2919 is divided by 68.
63
What is the remainder when 143 is divided by 18?
17
Calculate the remainder when 183 is divided by 33.
18
Calculate the remainder when 1228 is divided by 241.
23
What is the remainder when 55 is divided by 35?
20
Calculate the remainder when 10175 is divided by 3387.
14
What is the remainder when 2448 is divided by 405?
18
Calculate the remainder when 1189 is divided by 577.
35
Calculate the remainder when 2316 is divided by 86.
80
What is the remainder when 10 is divided by 2?
0
What is the remainder when 149 is divided by 26?
19
Calculate the remainder when 127 is divided by 19.
13
Calculate the remainder when 519 is divided by 13.
12
Calculate the remainder when 2098 is divided by 10.
8
What is the remainder when 733 is divided by 257?
219
Calculate the remainder when 232 is divided by 66.
34
What is the remainder when 152 is divided by 80?
72
What is the remainder when 3776 is divided by 122?
116
Calculate the remainder when 36 is divided by 26.
10
What is the remainder when 233 is divided by 117?
116
Calculate the remainder when 346 is divided by 58.
56
Calculate the remainder when 1015 is divided by 67.
10
What is the remainder when 42 is divided by 37?
5
What is the remainder when 136 is divided by 11?
4
What is the remainder when 1066 is divided by 1?
0
What is the remainder when 83 is divided by 11?
6
What is the remainder when 691 is divided by 190?
121
Calculate the remainder when 85 is divided by 41.
3
What is the remainder when 133 is divided by 71?
62
Calculate the remainder when 1170 is divided by 169.
156
What is the remainder when 7931 is divided by 19?
8
Calculate the remainder when 1366 is divided by 12.
10
What is the remainder when 126 is divided by 18?
0
What is the remainder when 128 is divided by 20?
8
What is the remainder when 133 is divided by 16?
5
Calculate the remainder when 86 is divided by 71.
15
Calculate the remainder when 2340 is divided by 6.
0
Calculate the remainder when 1542 is divided by 8.
6
Calculate the remainder when 4578 is divided by 37.
27
Calculate the remainder when 257 is divided by 42.
5
Calculate the remainder when 381 is divided by 35.
31
What is the remainder when 505 is divided by 53?
28
Calculate the remainder when 12261 is divided by 219.
216
What is the remainder when 450 is divided by 92?
82
What is the remainder when 72 is divided by 51?
21
Calculate the remainder when 609 is divided by 599.
10
Calculate the remainder when 8784 is divided by 101.
98
Calculate the remainder when 263 is divided by 67.
62
Calculate the remainder when 160 is divided by 78.
4
Calculate the remainder when 9942 is divided by 65.
62
What is the remainder when 530 is divided by 128?
18
Calculate the remainder when 59 is divided by 29.
1
Calculate the remainder when 4085 is divided by 23.
14
Calculate the remainder when 144 is divided by 25.
19
What is the remainder when 40204 is divided by 31?
28
Calculate the remainder when 1331 is divided by 6.
5
Calculate the remainder when 391 is divided by 33.
28
What is the remainder when 144 is divided by 110?
34
What is the remainder when 165 is divided by 12?
9
Calculate the remainder when 412 is divided by 35.
27
Calculate the remainder when 9334 is divided by 27.
19
What is the remainder when 34 is divided by 18?
16
Calculate the remainder when 74 is divided by 22.
8
What is the remainder when 106 is divided by 11?
7
What is the remainder when 3463 is divided by 1712?
39
Calculate the remainder when 24 is divided by 12.
0
What is the remainder when 255 is divided by 71?
42
What is the remainder when 1728 is divided by 240?
48
Calculate the remainder when 273 is divided by 11.
9
What is the remainder when 35 is divided by 6?
5
Calculate the remainder when 7747 is divided by 34.
29
What is the remainder when 3482 is divided by 1157?
11
Calculate the remainder when 142 is divided by 13.
12
What is the remainder when 898 is divided by 31?
30
What is the remainder when 714 is divided by 63?
21
Calculate the remainder when 285 is divided by 37.
26
What is the remainder when 37 is divided by 9?
1
What is the remainder when 359 is divided by 110?
29
Calculate the remainder when 2374 is divided by 36.
34
What is the remainder when 207 is divided by 104?
103
Calculate the remainder when 24 is divided by 18.
6
Calculate the remainder when 409 is divided by 77.
24
What is the remainder when 738 is divided by 196?
150
What is the remainder when 830 is divided by 119?
116
Calculate the remainder when 170 is divided by 25.
20
Calculate the remainder when 204 is divided by 5.
4
What is the remainder when 167 is divided by 9?
5
Calculate the remainder when 2650 is divided by 51.
49
What is the remainder when 292 is divided by 49?
47
What is the remainder when 533 is divided by 29?
11
What is the remainder when 555 is divided by 47?
38
Calculate the remainder when 183 is divided by 24.
15
What is the remainder when 135 is divided by 21?
9
Calculate the remainder when 1129 is divided by 39.
37
Calculate the remainder when 456 is divided by 9.
6
Calculate the remainder when 1767 is divided by 61.
59
What is the remainder when 217 is divided by 62?
31
Calculate the remainder when 860 is divided by 21.
20
Calculate the remainder when 138 is divided by 41.
15
Calculate the remainder when 238 is divided by 7.
0
What is the remainder when 1556 is divided by 9?
8
What is the remainder when 55 is divided by 3?
1
What is the remainder when 16143 is divided by 9?
6
What is the remainder when 502 is divided by 238?
26
Calculate the remainder when 3207 is divided by 8.
7
What is the remainder when 378 is divided by 119?
21
Calculate the remainder when 328 is divided by 47.
46
Calculate the remainder when 533 is divided by 136.
125
What is the remainder when 41274 is divided by 325?
324
What is the remainder when 207 is divided by 62?
21
Calculate the remainder when 136 is divided by 12.
4
What is the remainder when 700 is divided by 78?
76
What is the remainder when 7849 is divided by 491?
484
What is the remainder when 4014 is divided by 16?
14
What is the remainder when 104 is divided by 5?
4
Calculate the remainder when 126 is divided by 34.
24
Calculate the remainder when 2086 is divided by 12.
10
What is the remainder when 3034 is divided by 159?
13
Calculate the remainder when 783 is divided by 18.
9
Calculate the remainder when 265 is divided by 19.
18
Calculate the remainder when 1793 is divided by 69.
68
Calculate the remainder when 186 is divided by 97.
89
Calculate the remainder when 189 is divided by 54.
27
What is the remainder when 376 is divided by 42?
40
Calculate the remainder when 11982 is divided by 15.
12
What is the remainder when 174 is divided by 147?
27
Calculate the remainder when 516 is divided by 18.
12
Calculate the remainder when 781 is divided by 89.
69
What is the remainder when 232 is divided by 66?
34
Calculate the remainder when 284 is divided by 130.
24
Calculate the remainder when 3043 is divided by 21.
19
What is the remainder when 1314 is divided by 165?
159
Calculate the remainder when 12743 is divided by 18.
17
What is the remainder when 3294 is divided by 17?
13
What is the remainder when 113 is divided by 19?
18
Calculate the remainder when 27 is divided by 21.
6
What is the remainder when 69 is divided by 8?
5
Calculate the remainder when 243 is divided by 76.
15
Calculate the remainder when 526 is divided by 131.
2
What is the remainder when 1486 is divided by 552?
382
Calculate the remainder when 172 is divided by 44.
40
Calculate the remainder when 1373 is divided by 16.
13
Calculate the remainder when 35 is divided by 13.
9
What is the remainder when 29 is divided by 19?
10
Calculate the remainder when 59 is divided by 35.
24
Calculate the remainder when 124 is divided by 29.
8
Calculate the remainder when 52919 is divided by 147.
146
What is the remainder when 315 is divided by 272?
43
What is the remainder when 100 is divided by 34?
32
Calculate the remainder when 328 is divided by 249.
79
What is the remainder when 331 is divided by 28?
23
Calculate the remainder when 2588 is divided by 185.
183
What is t